{"id":3572,"date":"2014-12-01T16:52:33","date_gmt":"2014-12-01T15:52:33","guid":{"rendered":"http:\/\/www.ecologiamo.it\/?post_type=project&#038;p=3572"},"modified":"2018-05-25T15:49:21","modified_gmt":"2018-05-25T13:49:21","slug":"scuola-secondaria-primo-grado-sommacampagna-vr","status":"publish","type":"project","link":"https:\/\/www.ecologiamo.it\/?project=scuola-secondaria-primo-grado-sommacampagna-vr","title":{"rendered":"Scuola Secondaria di I grado di Sommacampagna (VR)"},"content":{"rendered":"<style type=\"text\/css\"> \n#cmsms_row_69ec7a298529e .cmsms_row_outer_parent { \n\tpadding-top: 0px; \n} \n\n#cmsms_row_69ec7a298529e .cmsms_row_outer_parent { \n\tpadding-bottom: 50px; \n} \n\n<\/style><div id=\"cmsms_row_69ec7a298529e\" class=\"cmsms_row cmsms_color_scheme_default\">\n<div class=\"cmsms_row_outer_parent\">\n<div class=\"cmsms_row_outer\">\n<div class=\"cmsms_row_inner\">\n<div class=\"cmsms_row_margin\">\n<div class=\"cmsms_column one_first\">\n<div class=\"cmsms_text\">\n<h5 style=\"text-align: justify;\"><strong><span style=\"color: #000000;\">Luned\u00ec 1 e Mercoled\u00ec 3 Dicembre, su invito del professor Merlin, siamo stati ospiti dell&#8217;Istituto Dante Alighieri di Sommacampagna per degli incontri con gli studenti delle classi prime. I ragazzi non erano nuovi a iniziative legate al recupero di materia dai rifiuti, avendo gi\u00e0 visitato un&#8217;azienda che si occupa di smistamento e recupero. La nostra presenza \u00e8 servita per completare il percorso, parlando di un altro tipo di rifiuto: lo pneumatico fuori uso. Gli studenti hanno osservato incuriositi i campioni di materia prima-secondaria ottenuti dal processo di smaltimento dei pneumatici, scoprendo che un rifiuto pu\u00f2 contenere materiali preziosi di cui spesso si ignora la presenza. Gli studenti sono stati sempre attenti durante gli incontri ed hanno manifestato costante curiosit\u00e0. Sommacampagna si \u00e8 dimostrata una realt\u00e0 molto sensibile verso la tutela dell&#8217;ambiente, partecipando con entusiasmo e mostrando di apprezzare la nostra iniziativa.<\/span><\/strong><\/h5>\n<h5 style=\"text-align: justify;\"><strong><span style=\"color: #000000;\">Un grazie sentito al professor Merlin che si spende con energia per promuovere questo tipo di iniziative didattiche presso le scuole. Alla prossima occasione.<\/span><\/strong><\/h5>\n<\/div>\n<\/div>\n<\/div>\n<\/div>\n<\/div>\n<\/div>\n<\/div>\n\n","protected":false},"excerpt":{"rendered":"","protected":false},"author":2,"featured_media":3573,"menu_order":0,"comment_status":"closed","ping_status":"closed","template":"","format":"standard","meta":[],"yoast_head":"<!-- This site is optimized with the Yoast SEO plugin v19.14 - https:\/\/yoast.com\/wordpress\/plugins\/seo\/ -->\n<title>Scuola Secondaria di I grado di Sommacampagna (VR) - Ecologiamo 2.0.2<\/title>\n<meta name=\"robots\" content=\"index, follow, max-snippet:-1, max-image-preview:large, max-video-preview:-1\" \/>\n<link rel=\"canonical\" href=\"https:\/\/www.ecologiamo.it\/?project=scuola-secondaria-primo-grado-sommacampagna-vr\" \/>\n<meta property=\"og:locale\" content=\"it_IT\" \/>\n<meta property=\"og:type\" content=\"article\" \/>\n<meta property=\"og:title\" content=\"Scuola Secondaria di I grado di Sommacampagna (VR) - Ecologiamo 2.0.2\" \/>\n<meta property=\"og:url\" content=\"https:\/\/www.ecologiamo.it\/?project=scuola-secondaria-primo-grado-sommacampagna-vr\" \/>\n<meta property=\"og:site_name\" content=\"Ecologiamo 2.0.2\" \/>\n<meta property=\"article:modified_time\" content=\"2018-05-25T13:49:21+00:00\" \/>\n<meta property=\"og:image\" content=\"https:\/\/www.ecologiamo.it\/wp-content\/uploads\/2016\/10\/Ecologiamo-MGService-Sommacampagna.jpg\" \/>\n\t<meta property=\"og:image:width\" content=\"2560\" \/>\n\t<meta property=\"og:image:height\" content=\"1536\" \/>\n\t<meta property=\"og:image:type\" content=\"image\/jpeg\" \/>\n<meta name=\"twitter:card\" content=\"summary_large_image\" \/>\n<meta name=\"twitter:label1\" content=\"Tempo di lettura stimato\" \/>\n\t<meta name=\"twitter:data1\" content=\"1 minuto\" \/>\n<script type=\"application\/ld+json\" class=\"yoast-schema-graph\">{\"@context\":\"https:\/\/schema.org\",\"@graph\":[{\"@type\":\"WebPage\",\"@id\":\"https:\/\/www.ecologiamo.it\/?project=scuola-secondaria-primo-grado-sommacampagna-vr\",\"url\":\"https:\/\/www.ecologiamo.it\/?project=scuola-secondaria-primo-grado-sommacampagna-vr\",\"name\":\"Scuola Secondaria di I grado di Sommacampagna (VR) - Ecologiamo 2.0.2\",\"isPartOf\":{\"@id\":\"https:\/\/www.ecologiamo.it\/#website\"},\"datePublished\":\"2014-12-01T15:52:33+00:00\",\"dateModified\":\"2018-05-25T13:49:21+00:00\",\"breadcrumb\":{\"@id\":\"https:\/\/www.ecologiamo.it\/?project=scuola-secondaria-primo-grado-sommacampagna-vr#breadcrumb\"},\"inLanguage\":\"it-IT\",\"potentialAction\":[{\"@type\":\"ReadAction\",\"target\":[\"https:\/\/www.ecologiamo.it\/?project=scuola-secondaria-primo-grado-sommacampagna-vr\"]}]},{\"@type\":\"BreadcrumbList\",\"@id\":\"https:\/\/www.ecologiamo.it\/?project=scuola-secondaria-primo-grado-sommacampagna-vr#breadcrumb\",\"itemListElement\":[{\"@type\":\"ListItem\",\"position\":1,\"name\":\"Home\",\"item\":\"https:\/\/www.ecologiamo.it\/\"},{\"@type\":\"ListItem\",\"position\":2,\"name\":\"Projects\",\"item\":\"https:\/\/www.ecologiamo.it\/?post_type=project\"},{\"@type\":\"ListItem\",\"position\":3,\"name\":\"Scuola Secondaria di I grado di Sommacampagna (VR)\"}]},{\"@type\":\"WebSite\",\"@id\":\"https:\/\/www.ecologiamo.it\/#website\",\"url\":\"https:\/\/www.ecologiamo.it\/\",\"name\":\"Ecologiamo 2.0.2\",\"description\":\"Ecologia e Formazione\",\"potentialAction\":[{\"@type\":\"SearchAction\",\"target\":{\"@type\":\"EntryPoint\",\"urlTemplate\":\"https:\/\/www.ecologiamo.it\/?s={search_term_string}\"},\"query-input\":\"required name=search_term_string\"}],\"inLanguage\":\"it-IT\"}]}<\/script>\n<!-- \/ Yoast SEO plugin. -->","yoast_head_json":{"title":"Scuola Secondaria di I grado di Sommacampagna (VR) - Ecologiamo 2.0.2","robots":{"index":"index","follow":"follow","max-snippet":"max-snippet:-1","max-image-preview":"max-image-preview:large","max-video-preview":"max-video-preview:-1"},"canonical":"https:\/\/www.ecologiamo.it\/?project=scuola-secondaria-primo-grado-sommacampagna-vr","og_locale":"it_IT","og_type":"article","og_title":"Scuola Secondaria di I grado di Sommacampagna (VR) - Ecologiamo 2.0.2","og_url":"https:\/\/www.ecologiamo.it\/?project=scuola-secondaria-primo-grado-sommacampagna-vr","og_site_name":"Ecologiamo 2.0.2","article_modified_time":"2018-05-25T13:49:21+00:00","og_image":[{"width":2560,"height":1536,"url":"https:\/\/www.ecologiamo.it\/wp-content\/uploads\/2016\/10\/Ecologiamo-MGService-Sommacampagna.jpg","type":"image\/jpeg"}],"twitter_card":"summary_large_image","twitter_misc":{"Tempo di lettura stimato":"1 minuto"},"schema":{"@context":"https:\/\/schema.org","@graph":[{"@type":"WebPage","@id":"https:\/\/www.ecologiamo.it\/?project=scuola-secondaria-primo-grado-sommacampagna-vr","url":"https:\/\/www.ecologiamo.it\/?project=scuola-secondaria-primo-grado-sommacampagna-vr","name":"Scuola Secondaria di I grado di Sommacampagna (VR) - Ecologiamo 2.0.2","isPartOf":{"@id":"https:\/\/www.ecologiamo.it\/#website"},"datePublished":"2014-12-01T15:52:33+00:00","dateModified":"2018-05-25T13:49:21+00:00","breadcrumb":{"@id":"https:\/\/www.ecologiamo.it\/?project=scuola-secondaria-primo-grado-sommacampagna-vr#breadcrumb"},"inLanguage":"it-IT","potentialAction":[{"@type":"ReadAction","target":["https:\/\/www.ecologiamo.it\/?project=scuola-secondaria-primo-grado-sommacampagna-vr"]}]},{"@type":"BreadcrumbList","@id":"https:\/\/www.ecologiamo.it\/?project=scuola-secondaria-primo-grado-sommacampagna-vr#breadcrumb","itemListElement":[{"@type":"ListItem","position":1,"name":"Home","item":"https:\/\/www.ecologiamo.it\/"},{"@type":"ListItem","position":2,"name":"Projects","item":"https:\/\/www.ecologiamo.it\/?post_type=project"},{"@type":"ListItem","position":3,"name":"Scuola Secondaria di I grado di Sommacampagna (VR)"}]},{"@type":"WebSite","@id":"https:\/\/www.ecologiamo.it\/#website","url":"https:\/\/www.ecologiamo.it\/","name":"Ecologiamo 2.0.2","description":"Ecologia e Formazione","potentialAction":[{"@type":"SearchAction","target":{"@type":"EntryPoint","urlTemplate":"https:\/\/www.ecologiamo.it\/?s={search_term_string}"},"query-input":"required name=search_term_string"}],"inLanguage":"it-IT"}]}},"_links":{"self":[{"href":"https:\/\/www.ecologiamo.it\/index.php?rest_route=\/wp\/v2\/project\/3572"}],"collection":[{"href":"https:\/\/www.ecologiamo.it\/index.php?rest_route=\/wp\/v2\/project"}],"about":[{"href":"https:\/\/www.ecologiamo.it\/index.php?rest_route=\/wp\/v2\/types\/project"}],"author":[{"embeddable":true,"href":"https:\/\/www.ecologiamo.it\/index.php?rest_route=\/wp\/v2\/users\/2"}],"replies":[{"embeddable":true,"href":"https:\/\/www.ecologiamo.it\/index.php?rest_route=%2Fwp%2Fv2%2Fcomments&post=3572"}],"version-history":[{"count":4,"href":"https:\/\/www.ecologiamo.it\/index.php?rest_route=\/wp\/v2\/project\/3572\/revisions"}],"predecessor-version":[{"id":7572,"href":"https:\/\/www.ecologiamo.it\/index.php?rest_route=\/wp\/v2\/project\/3572\/revisions\/7572"}],"wp:featuredmedia":[{"embeddable":true,"href":"https:\/\/www.ecologiamo.it\/index.php?rest_route=\/wp\/v2\/media\/3573"}],"wp:attachment":[{"href":"https:\/\/www.ecologiamo.it\/index.php?rest_route=%2Fwp%2Fv2%2Fmedia&parent=3572"}],"curies":[{"name":"wp","href":"https:\/\/api.w.org\/{rel}","templated":true}]}}

<style type="text/css"> 
#cmsms_row_69ec7a298529e .cmsms_row_outer_parent { 
	padding-top: 0px; 
} 

#cmsms_row_69ec7a298529e .cmsms_row_outer_parent { 
	padding-bottom: 50px; 
} 

</style><div id="cmsms_row_69ec7a298529e" class="cmsms_row cmsms_color_scheme_default">
<div class="cmsms_row_outer_parent">
<div class="cmsms_row_outer">
<div class="cmsms_row_inner">
<div class="cmsms_row_margin">
<div class="cmsms_column one_first">
<div class="cmsms_text">
<h5 style="text-align: justify;"><strong><span style="color: #000000;">Lunedì 1 e Mercoledì 3 Dicembre, su invito del professor Merlin, siamo stati ospiti dell&#8217;Istituto Dante Alighieri di Sommacampagna per degli incontri con gli studenti delle classi prime. I ragazzi non erano nuovi a iniziative legate al recupero di materia dai rifiuti, avendo già visitato un&#8217;azienda che si occupa di smistamento e recupero. La nostra presenza è servita per completare il percorso, parlando di un altro tipo di rifiuto: lo pneumatico fuori uso. Gli studenti hanno osservato incuriositi i campioni di materia prima-secondaria ottenuti dal processo di smaltimento dei pneumatici, scoprendo che un rifiuto può contenere materiali preziosi di cui spesso si ignora la presenza. Gli studenti sono stati sempre attenti durante gli incontri ed hanno manifestato costante curiosità. Sommacampagna si è dimostrata una realtà molto sensibile verso la tutela dell&#8217;ambiente, partecipando con entusiasmo e mostrando di apprezzare la nostra iniziativa.</span></strong></h5>
<h5 style="text-align: justify;"><strong><span style="color: #000000;">Un grazie sentito al professor Merlin che si spende con energia per promuovere questo tipo di iniziative didattiche presso le scuole. Alla prossima occasione.</span></strong></h5>
</div>
</div>
</div>
</div>
</div>
</div>
</div>
